y 37.
0
Calculate the remainder when 225 is divided by 10.
5
Calculate the remainder when 101 is divided by 42.
17
What is the remainder when 1798 is divided by 90?
88
Calculate the remainder when 326 is divided by 30.
26
Calculate the remainder when 7413 is divided by 12.
9
What is the remainder when 98 is divided by 7?
0
What is the remainder when 37 is divided by 8?
5
Calculate the remainder when 99 is divided by 51.
48
Calculate the remainder when 3613 is divided by 74.
61
Calculate the remainder when 3238 is divided by 41.
40
What is the remainder when 458 is divided by 153?
152
What is the remainder when 859 is divided by 123?
121
Calculate the remainder when 28 is divided by 20.
8
Calculate the remainder when 209 is divided by 37.
24
Calculate the remainder when 130 is divided by 34.
28
Calculate the remainder when 353 is divided by 64.
33
Calculate the remainder when 1556 is divided by 169.
35
What is the remainder when 706 is divided by 7?
6
Calculate the remainder when 2404 is divided by 83.
80
What is the remainder when 39 is divided by 20?
19
Calculate the remainder when 962 is divided by 69.
65
What is the remainder when 400 is divided by 9?
4
What is the remainder when 275 is divided by 91?
2
Calculate the remainder when 136 is divided by 38.
22
What is the remainder when 51 is divided by 6?
3
Calculate the remainder when 38 is divided by 13.
12
What is the remainder when 260 is divided by 73?
41
Calculate the remainder when 142 is divided by 36.
34
What is the remainder when 175 is divided by 74?
27
Calculate the remainder when 1259 is divided by 257.
231
Calculate the remainder when 32834 is divided by 199.
198
What is the remainder when 24 is divided by 24?
0
Calculate the remainder when 36396 is divided by 280.
276
Calculate the remainder when 6431 is divided by 96.
95
What is the remainder when 508 is divided by 315?
193
Calculate the remainder when 108 is divided by 37.
34
What is the remainder when 2868 is divided by 572?
8
What is the remainder when 8088 is divided by 31?
28
What is the remainder when 1241 is divided by 156?
149
Calculate the remainder when 434 is divided by 88.
82
Calculate the remainder when 67 is divided by 58.
9
Calculate the remainder when 399 is divided by 102.
93
Calculate the remainder when 1422 is divided by 24.
6
What is the remainder when 177 is divided by 32?
17
Calculate the remainder when 49 is divided by 8.
1
Calculate the remainder when 68 is divided by 16.
4
Calculate the remainder when 6372 is divided by 22.
14
What is the remainder when 67 is divided by 14?
11
Calculate the remainder when 56 is divided by 14.
0
What is the remainder when 179 is divided by 7?
4
What is the remainder when 605 is divided by 61?
56
What is the remainder when 5547 is divided by 277?
7
Calculate the remainder when 106 is divided by 41.
24
What is the remainder when 12006 is divided by 79?
77
Calculate the remainder when 123 is divided by 57.
9
Calculate the remainder when 350 is divided by 45.
35
Calculate the remainder when 21759 is divided by 272.
271
Calculate the remainder when 371 is divided by 71.
16
What is the remainder when 670 is divided by 45?
40
Calculate the remainder when 40431 is divided by 28.
27
What is the remainder when 195 is divided by 37?
10
What is the remainder when 158 is divided by 42?
32
What is the remainder when 37 is divided by 16?
5
Calculate the remainder when 74 is divided by 14.
4
What is the remainder when 94 is divided by 23?
2
Calculate the remainder when 68 is divided by 21.
5
What is the remainder when 139 is divided by 28?
27
Calculate the remainder when 253 is divided by 47.
18
What is the remainder when 56 is divided by 7?
0
Calculate the remainder when 3246 is divided by 9.
6
Calculate the remainder when 3815 is divided by 147.
140
What is the remainder when 2634 is divided by 24?
18
Calculate the remainder when 379 is divided by 3.
1
Calculate the remainder when 149 is divided by 6.
5
What is the remainder when 1247 is divided by 26?
25
What is the remainder when 61 is divided by 5?
1
What is the remainder when 194 is divided by 47?
6
Calculate the remainder when 10799 is divided by 18.
17
What is the remainder when 219 is divided by 50?
19
What is the remainder when 3549 is divided by 61?
11
What is the remainder when 255 is divided by 65?
60
Calculate the remainder when 331 is divided by 124.
83
Calculate the remainder when 270 is divided by 65.
10
Calculate the remainder when 95 is divided by 6.
5
What is the remainder when 699 is divided by 35?
34
Calculate the remainder when 80 is divided by 47.
33
Calculate the remainder when 7738 is divided by 138.
10
Calculate the remainder when 55 is divided by 11.
0
What is the remainder when 983 is divided by 24?
23
Calculate the remainder when 169 is divided by 146.
23
What is the remainder when 228 is divided by 72?
12
What is the remainder when 677 is divided by 45?
2
What is the remainder when 2003 is divided by 12?
11
What is the remainder when 2019 is divided by 504?
3
Calculate the remainder when 1137 is divided by 157.
38
What is the remainder when 873 is divided by 17?
6
What is the remainder when 1353 is divided by 71?
4
What is the remainder when 307 is divided by 156?
151
What is the remainder when 4248 is divided by 29?
14
What is the remainder when 1509 is divided by 7?
4
What is the remainder when 206 is divided by 54?
44
Calculate the remainder when 636 is divided by 623.
13
What is the remainder when 2148 is divided by 1061?
26
Calculate the remainder when 2116 is divided by 26.
10
What is the remainder when 723 is divided by 178?
11
What is the remainder when 386 is divided by 9?
8
Calculate the remainder when 2453 is divided by 63.
59
Calculate the remainder when 264 is divided by 89.
86
Calculate the remainder when 7520 is divided by 30.
20
Calculate the remainder when 499 is divided by 63.
58
Calculate the remainder when 416 is divided by 20.
16
What is the remainder when 2170 is divided by 720?
10
What is the remainder when 11556 is divided by 91?
90
Calculate the remainder when 239 is divided by 48.
47
Calculate the remainder when 1045 is divided by 347.
4
What is the remainder when 342 is divided by 87?
81
What is the remainder when 394 is divided by 36?
34
What is the remainder when 3471 is divided by 158?
153
Calculate the remainder when 1870 is divided by 928.
14
Calculate the remainder when 110 is divided by 37.
36
Calculate the remainder when 807 is divided by 202.
201
What is the remainder when 116 is divided by 13?
12
Calculate the remainder when 6748 is divided by 964.
0
What is the remainder when 17202 is divided by 31?
28
What is the remainder when 1563 is divided by 54?
51
What is the remainder when 277 is divided by 71?
64
Calculate the remainder when 1536 is divided by 20.
16
What is the remainder when 118 is divided by 27?
10
What is the remainder when 158 is divided by 56?
46
What is the remainder when 45 is divided by 24?
21
What is the remainder when 129 is divided by 25?
4
Calculate the remainder when 90 is divided by 29.
3
Calculate the remainder when 1239 is divided by 54.
51
Calculate the remainder when 211 is divided by 115.
96
Calculate the remainder when 1036 is divided by 348.
340
Calculate the remainder when 1505 is divided by 25.
5
Calculate the remainder when 173 is divided by 139.
34
Calculate the remainder when 1777 is divided by 115.
52
What is the remainder when 549 is divided by 22?
21
What is the remainder when 624 is divided by 154?
8
Calculate the remainder when 1628 is divided by 181.
180
What is the remainder when 172 is divided by 33?
7
Calculate the remainder when 238 is divided by 40.
38
Calculate the remainder when 120 is divided by 115.
5
Calculate the remainder when 2250 is divided by 23.
19
What is the remainder when 20637 is divided by 24?
21
Calculate the remainder when 38 is divided by 3.
2
What is the remainder when 3363 is divided by 116?
115
What is the remainder when 3835 is divided by 19?
16
Calculate the remainder when 1643 is divided by 103.
98
Calculate the remainder when 497 is divided by 4.
1
What is the remainder when 12042 is divided by 7?
2
What is the remainder when 463 is divided by 78?
73
Calculate the remainder when 797 is divide